 61025454?
1
What is the ten thousands digit of 78355574?
5
What is the hundreds digit of 145042727?
7
What is the hundreds digit of 3520472266?
2
What is the billions digit of 1455648689?
1
What is the hundreds digit of 297803225?
2
What is the millions digit of 77379191?
7
What is the units digit of 43015210?
0
What is the hundreds digit of 733512829?
8
What is the tens digit of 95207948?
4
What is the hundred thousands digit of 89440042?
4
What is the millions digit of 5500486903?
0
What is the hundred millions digit of 920064379?
9
What is the ten thousands digit of 722752046?
5
What is the hundred thousands digit of 83273509?
2
What is the tens digit of 8160432857?
5
What is the hundred thousands digit of 143670461?
6
What is the tens digit of 945705069?
6
What is the tens digit of 1876171227?
2
What is the units digit of 55690809?
9
What is the ten thousands digit of 929840169?
4
What is the ten thousands digit of 74226386?
2
What is the hundred thousands digit of 1135040732?
0
What is the hundreds digit of 4515703328?
3
What is the billions digit of 3821778524?
3
What is the tens digit of 4422036945?
4
What is the hundreds digit of 2938596567?
5
What is the hundred millions digit of 247056749?
2
What is the ten millions digit of 501625739?
0
What is the thousands digit of 329879048?
9
What is the millions digit of 551282352?
1
What is the tens digit of 38653587?
8
What is the hundreds digit of 57484797?
7
What is the units digit of 20882273?
3
What is the units digit of 2641448171?
1
What is the hundred thousands digit of 2308341998?
3
What is the units digit of 704323552?
2
What is the thousands digit of 63076607?
6
What is the units digit of 24023674?
4
What is the units digit of 411668772?
2
What is the millions digit of 187064064?
7
What is the hundreds digit of 1720254769?
7
What is the ten millions digit of 15070264?
1
What is the tens digit of 1617168113?
1
What is the hundred thousands digit of 63267861?
2
What is the hundred thousands digit of 293414692?
4
What is the tens digit of 181024255?
5
What is the ten millions digit of 219129884?
1
What is the tens digit of 31141667?
6
What is the millions digit of 3979469?
3
What is the hundred thousands digit of 1150458397?
4
What is the tens digit of 64786972?
7
What is the ten millions digit of 316516396?
1
What is the thousands digit of 1081836098?
6
What is the ten millions digit of 82083582?
8
What is the tens digit of 84650674?
7
What is the hundred millions digit of 1072537142?
0
What is the hundreds digit of 2669020?
0
What is the ten millions digit of 175847886?
7
What is the tens digit of 407486041?
4
What is the hundreds digit of 460255424?
4
What is the units digit of 71877514?
4
What is the tens digit of 796240906?
0
What is the ten millions digit of 397914410?
9
What is the ten thousands digit of 2222714908?
1
What is the millions digit of 186469965?
6
What is the hundred thousands digit of 59040157?
0
What is the ten thousands digit of 154378092?
7
What is the tens digit of 31242414?
1
What is the hundreds digit of 196698130?
1
What is the hundred thousands digit of 83381633?
3
What is the ten thousands digit of 4281533898?
3
What is the ten millions digit of 323987847?
2
What is the hundred millions digit of 319503308?
3
What is the hundred thousands digit of 33987724?
9
What is the ten millions digit of 165785330?
6
What is the ten millions digit of 34032697?
3
What is the ten millions digit of 2480206173?
8
What is the hundred thousands digit of 37168183?
1
What is the hundreds digit of 1901915356?
3
What is the thousands digit of 445052000?
2
What is the hundred thousands digit of 43183792?
1
What is the millions digit of 3268990124?
8
What is the thousands digit of 6189212496?
2
What is the ten thousands digit of 295637621?
3
What is the ten millions digit of 23651456?
2
What is the ten millions digit of 55903566?
5
What is the units digit of 276271610?
0
What is the hundreds digit of 1145045360?
3
What is the ten millions digit of 687153212?
8
What is the millions digit of 659194036?
9
What is the tens digit of 942881167?
6
What is the ten millions digit of 760744207?
6
What is the thousands digit of 5756025301?
5
What is the hundreds digit of 361457340?
3
What is the thousands digit of 1657553451?
3
What is the hundred millions digit of 119185214?
1
What is the hundreds digit of 126702004?
0
What is the ten millions digit of 3075890381?
7
What is the millions digit of 281225529?
1
What is the hundreds digit of 74272116?
1
What is the hundreds digit of 21712320?
3
What is the tens digit of 4006863231?
3
What is the thousands digit of 400437763?
7
What is the hundreds digit of 23409677?
6
What is the tens digit of 362901860?
6
What is the hundred thousands digit of 430574703?
5
What is the hundred thousands digit of 904744050?
7
What is the ten millions digit of 2707470115?
0
What is the hundred millions digit of 630612590?
6
What is the ten thousands digit of 273398055?
9
What is the millions digit of 1130887705?
0
What is the billions digit of 2145683969?
2
What is the units digit of 204810104?
4
What is the hundred millions digit of 642268517?
6
What is the ten thousands digit of 65672407?
7
What is the hundred thousands digit of 588192151?
1
What is the billions digit of 3932131723?
3
What is the units digit of 74796900?
0
What is the hundreds digit of 742476667?
6
What is the hundred thousands digit of 14469282?
4
What is the thousands digit of 110364320?
4
What is the hundreds digit of 94966240?
2
What is the millions digit of 40085005?
0
What is the ten millions digit of 505655117?
0
What is the units digit of 144476120?
0
What is the hundreds digit of 254432061?
0
What is the hundreds digit of 13299594?
5
What is the ten thousands digit of 47532286?
3
What is the units digit of 126568773?
3
What is the units digit of 1190549361?
1
What is the thousands digit of 1003462021?
2
What is the tens digit of 18706087?
8
What is the ten thousands digit of 920838299?
3
What is the millions digit of 79512267?
9
What is the ten thousands digit of 84037503?
3
What is the hundred millions digit of 978190605?
9
What is the tens digit of 678914968?
6
What is the ten millions digit of 1551677549?
5
What is the thousands digit of 67829045?
9
What is the hundred thousands digit of 13892944?
8
What is the ten millions digit of 102906048?
0
What is the ten thousands digit of 577685751?
8
What is the ten thousands digit of 535982923?
8
What is the ten millions digit of 409937459?
0
What is the billions digit of 6714371858?
6
What is the billions digit of 1015163442?
1
What is the hundreds digit of 277963133?
1
What is the units digit of 730598?
8
What is the ten millions digit of 839254316?
3
What is the hundreds digit of 301145318?
3
What is the hundred thousands digit of 341034488?
0
What is the hundred millions digit of 198341155?
1
What is the ten millions digit of 651665853?
5
What is the hundred thousands digit of 45529192?
5
What is the thousands digit of 53361957?
1
What is the tens digit of 126690840?
4
What is the ten thousands digit of 2265063?
6
What is the thousands digit of 741772097?
2
What is the ten thousands digit of 49404722?
0
What is the ten thousands digit of 91168643?
6
What is the hundred millions digit of 351849202?
3
What is the ten thousands digit of 561670657?
7
What is the units digit of 67585805?
5
What is the hundred millions digit of 262046557?
2
What is the hundred millions digit of 1066704250?
0
What is the units digit of 89722932?
2
What is the millions digit of 156070144?
6
What is the millions digit of 1601579406?
1
What is the hundred thousands digit of 50638628?
6
What is the ten thousands digit of 4254691450?
9
What is the ten thousands digit of 11724244?
2
What is the units digit of 551411068?
8
What is the units digit of 43862989?
9
What is the units digit of 374690871?
1
What is the thousands digit of 500724000?
4
What is the hundred thousands digit of 560952700?
9
What is the billions digit of 5560010768?
5
What is the tens digit of 1183673359?
5
What is the hundred thousands digit of 108552388?
5
What is the tens digit of 8006234?
3
What is the thousands digit of 55247574?
7
What is the hundreds digit of 463749820?
8
What is the